{"id":1875,"date":"2025-05-24T15:11:17","date_gmt":"2025-05-24T21:11:17","guid":{"rendered":"https:\/\/implementit.click\/pruebas\/alisia\/?page_id=1875"},"modified":"2025-05-24T15:54:22","modified_gmt":"2025-05-24T21:54:22","slug":"aviso-de-privacidad","status":"publish","type":"page","link":"https:\/\/implementit.click\/pruebas\/alisia\/aviso-de-privacidad\/","title":{"rendered":"P\u00e1gina de privacidad"},"content":{"rendered":"\t\t<div data-elementor-type=\"wp-page\" data-elementor-id=\"1875\" class=\"elementor elementor-1875\" data-elementor-post-type=\"page\">\n\t\t\t\t<div class=\"elementor-element elementor-element-498b96f e-con-full e-flex e-con e-child\" data-id=\"498b96f\" data-element_type=\"container\" data-settings=\"{&quot;background_background&quot;:&quot;classic&quot;}\">\n\t\t<div class=\"elementor-element elementor-element-4d72410 e-con-full e-flex e-con e-child\" data-id=\"4d72410\" data-element_type=\"container\" data-settings=\"{&quot;background_background&quot;:&quot;classic&quot;}\">\n\t\t\t\t<div class=\"elementor-element elementor-element-4629351 elementor-widget elementor-widget-image\" data-id=\"4629351\" data-element_type=\"widget\" data-widget_type=\"image.default\">\n\t\t\t\t<div class=\"elementor-widget-container\">\n\t\t\t\t\t\t\t\t\t\t\t\t\t\t\t<img decoding=\"async\" width=\"200\" height=\"59\" src=\"https:\/\/implementit.click\/pruebas\/alisia\/wp-content\/uploads\/2025\/05\/logo-alisia-marina-vallarta.svg\" class=\"attachment-full size-full wp-image-1444\" alt=\"\" \/>\t\t\t\t\t\t\t\t\t\t\t\t\t\t\t<\/div>\n\t\t\t\t<\/div>\n\t\t\t\t<\/div>\n\t\t\t\t<\/div>\n\t\t<div class=\"elementor-element elementor-element-405f4e0 e-con-full e-flex e-con e-parent\" data-id=\"405f4e0\" data-element_type=\"container\" data-settings=\"{&quot;background_background&quot;:&quot;classic&quot;}\">\n\t\t<div class=\"elementor-element elementor-element-7091c89 e-flex e-con-boxed e-con e-child\" data-id=\"7091c89\" data-element_type=\"container\" data-settings=\"{&quot;background_background&quot;:&quot;classic&quot;}\">\n\t\t\t\t\t<div class=\"e-con-inner\">\n\t\t\t\t<div class=\"elementor-element elementor-element-f45215e elementor-widget__width-inherit elementor-widget-tablet__width-inherit elementor-widget elementor-widget-heading\" data-id=\"f45215e\" data-element_type=\"widget\" data-widget_type=\"heading.default\">\n\t\t\t\t<div class=\"elementor-widget-container\">\n\t\t\t\t\t<h2 class=\"elementor-heading-title elementor-size-default\">Aviso de privacidad<\/h2>\t\t\t\t<\/div>\n\t\t\t\t<\/div>\n\t\t\t\t<div class=\"elementor-element elementor-element-8539b80 elementor-widget-tablet__width-inherit elementor-widget__width-inherit elementor-widget elementor-widget-text-editor\" data-id=\"8539b80\" data-element_type=\"widget\" data-widget_type=\"text-editor.default\">\n\t\t\t\t<div class=\"elementor-widget-container\">\n\t\t\t\t\t\t\t\t\tEn atenci\u00f3n a la Ley Federal de Protecci\u00f3n de Datos Personales en Posesi\u00f3n deParticulares (en adelante, la\u201cLDP\u201d),la empresa: Fideicomiso 5270 ALISIA. (en adelante,\u201cALISIA\u201d),con domicilio en Av. Roble #600 Ofna. 11-01, ColoniaValle delCampestre, San Pedro Garza Garc\u00eda, Nuevo Le\u00f3n Monterrey., hacemos de su conocimiento lo siguiente:En la recolecci\u00f3n de datos personales seguimos todos los principios que marca el art\u00edculo 6 de la LDP: Licitud, calidad, consentimiento, informaci\u00f3n, finalidad, lealtad, proporcionalidad y responsabilidad.\t\t\t\t\t\t\t\t<\/div>\n\t\t\t\t<\/div>\n\t\t\t\t<div class=\"elementor-element elementor-element-b4552aa elementor-widget__width-inherit elementor-widget-tablet__width-inherit elementor-widget elementor-widget-heading\" data-id=\"b4552aa\" data-element_type=\"widget\" data-widget_type=\"heading.default\">\n\t\t\t\t<div class=\"elementor-widget-container\">\n\t\t\t\t\t<h2 class=\"elementor-heading-title elementor-size-default\">Fuentes de Datos Personales:<\/h2>\t\t\t\t<\/div>\n\t\t\t\t<\/div>\n\t\t\t\t<div class=\"elementor-element elementor-element-2ae02a4 elementor-widget-tablet__width-inherit elementor-widget__width-inherit elementor-widget elementor-widget-text-editor\" data-id=\"2ae02a4\" data-element_type=\"widget\" data-widget_type=\"text-editor.default\">\n\t\t\t\t<div class=\"elementor-widget-container\">\n\t\t\t\t\t\t\t\t\t<p>Para la prestaci\u00f3n de nuestros servicios comerciales, actividades administrativas y laborales utilizamos:<\/p>\t\t\t\t\t\t\t\t<\/div>\n\t\t\t\t<\/div>\n\t\t\t\t<div class=\"elementor-element elementor-element-12de87f elementor-widget-tablet__width-inherit elementor-widget__width-inherit elementor-widget elementor-widget-text-editor\" data-id=\"12de87f\" data-element_type=\"widget\" data-widget_type=\"text-editor.default\">\n\t\t\t\t<div class=\"elementor-widget-container\">\n\t\t\t\t\t\t\t\t\t<ul><li>Informaci\u00f3n proporcionada directamente por diversos medios: entrevistas, papel, tel\u00e9fono y\/o medios electr\u00f3nicos.<\/li><li>Informaci\u00f3n que recogemos cuando visite nuestros sitios web.<\/li><li>Informaci\u00f3n que obtenemos de fuentes p\u00fablicas legalmente disponibles.\u202f<\/li><\/ul>\t\t\t\t\t\t\t\t<\/div>\n\t\t\t\t<\/div>\n\t\t\t\t<div class=\"elementor-element elementor-element-0fdfe80 elementor-widget__width-inherit elementor-widget-tablet__width-inherit elementor-widget elementor-widget-heading\" data-id=\"0fdfe80\" data-element_type=\"widget\" data-widget_type=\"heading.default\">\n\t\t\t\t<div class=\"elementor-widget-container\">\n\t\t\t\t\t<h2 class=\"elementor-heading-title elementor-size-default\">Usos de los Datos Personales:\u202f <\/h2>\t\t\t\t<\/div>\n\t\t\t\t<\/div>\n\t\t\t\t<div class=\"elementor-element elementor-element-ada4a9b elementor-widget-tablet__width-inherit elementor-widget__width-inherit elementor-widget elementor-widget-text-editor\" data-id=\"ada4a9b\" data-element_type=\"widget\" data-widget_type=\"text-editor.default\">\n\t\t\t\t<div class=\"elementor-widget-container\">\n\t\t\t\t\t\t\t\t\t<ul><li>Para la prestaci\u00f3n de nuestros servicios comerciales.<\/li><li>Para actividades administrativas y laborales<\/li><li>Con fines de identificaci\u00f3n para la prestaci\u00f3n de nuestros servicios.<\/li><li>Con fines estad\u00edsticos.<\/li><li>Con fines de comunicaci\u00f3n, promoci\u00f3n de productos y\/o servicios.<\/li><li>En ning\u00fan caso se dar\u00e1 un uso distinto a los aqu\u00ed se\u00f1alados a cualquier dato personal recabado.<\/li><li>En ning\u00fan caso se transferir\u00e1 a terceras partes la informaci\u00f3n personal sin previo consentimiento.\u202f<\/li><\/ul>\t\t\t\t\t\t\t\t<\/div>\n\t\t\t\t<\/div>\n\t\t\t\t<div class=\"elementor-element elementor-element-bba9744 elementor-widget__width-inherit elementor-widget-tablet__width-inherit elementor-widget elementor-widget-heading\" data-id=\"bba9744\" data-element_type=\"widget\" data-widget_type=\"heading.default\">\n\t\t\t\t<div class=\"elementor-widget-container\">\n\t\t\t\t\t<h2 class=\"elementor-heading-title elementor-size-default\">Compartir Informaci\u00f3n:\u202f \n<\/h2>\t\t\t\t<\/div>\n\t\t\t\t<\/div>\n\t\t\t\t<div class=\"elementor-element elementor-element-60a7e8d elementor-widget-tablet__width-inherit elementor-widget__width-inherit elementor-widget elementor-widget-text-editor\" data-id=\"60a7e8d\" data-element_type=\"widget\" data-widget_type=\"text-editor.default\">\n\t\t\t\t<div class=\"elementor-widget-container\">\n\t\t\t\t\t\t\t\t\t<ul><li>No compartimos informaci\u00f3n sin el consentimiento expl\u00edcito del titular, no la difundimos, distribuimos, ni comercializamos.<\/li><li>Es posible que compartamos informaci\u00f3n:<ul><li>Para complementar un procedimiento solicitado por el titular.<\/li><li>Para atender requerimientos de las autoridades para proteger y defender los derechos de ALISIA.<\/li><\/ul><\/li><li><em>Lo anterior, de acuerdo a lo estrictamente se\u00f1alado en el cap\u00edtulo V art\u00edculos 36 y 37 de la LDP.<\/em><\/li><\/ul>\t\t\t\t\t\t\t\t<\/div>\n\t\t\t\t<\/div>\n\t\t\t\t<div class=\"elementor-element elementor-element-59e8157 elementor-widget__width-inherit elementor-widget-tablet__width-inherit elementor-widget elementor-widget-heading\" data-id=\"59e8157\" data-element_type=\"widget\" data-widget_type=\"heading.default\">\n\t\t\t\t<div class=\"elementor-widget-container\">\n\t\t\t\t\t<h2 class=\"elementor-heading-title elementor-size-default\">C\u00f3mo protegemos los Datos Personales:\u202f \n<\/h2>\t\t\t\t<\/div>\n\t\t\t\t<\/div>\n\t\t\t\t<div class=\"elementor-element elementor-element-0073072 elementor-widget-tablet__width-inherit elementor-widget__width-inherit elementor-widget elementor-widget-text-editor\" data-id=\"0073072\" data-element_type=\"widget\" data-widget_type=\"text-editor.default\">\n\t\t\t\t<div class=\"elementor-widget-container\">\n\t\t\t\t\t\t\t\t\t<ul><li>En cumplimiento con la normativa vigente, una vez que usted entregue sus Datos Personales, le manifestamos que estos ser\u00e1n conservados durante el periodo vigente de la relaci\u00f3n comercial.<\/li><li>Los Datos Personales estar\u00e1n protegidos de forma administrativa, t\u00e9cnica y f\u00edsica para evitar p\u00e9rdidas, usos incorrectos o accesos no autorizados, publicaci\u00f3n, modificaci\u00f3n o destrucci\u00f3n de los datos personales que nos haya proporcionado.\u202f<\/li><\/ul>\t\t\t\t\t\t\t\t<\/div>\n\t\t\t\t<\/div>\n\t\t\t\t<div class=\"elementor-element elementor-element-497cf32 elementor-widget__width-inherit elementor-widget-tablet__width-inherit elementor-widget elementor-widget-heading\" data-id=\"497cf32\" data-element_type=\"widget\" data-widget_type=\"heading.default\">\n\t\t\t\t<div class=\"elementor-widget-container\">\n\t\t\t\t\t<h2 class=\"elementor-heading-title elementor-size-default\">C\u00f3mo contactarnos:\u202f<\/h2>\t\t\t\t<\/div>\n\t\t\t\t<\/div>\n\t\t\t\t<div class=\"elementor-element elementor-element-1714c91 elementor-widget-tablet__width-inherit elementor-widget__width-inherit elementor-widget elementor-widget-text-editor\" data-id=\"1714c91\" data-element_type=\"widget\" data-widget_type=\"text-editor.default\">\n\t\t\t\t<div class=\"elementor-widget-container\">\n\t\t\t\t\t\t\t\t\tPara ejercer sus derechos ARCO (acceso, rectificaci\u00f3n, cancelaci\u00f3n y oposici\u00f3n), por favor dirigirse a: \n\n\t\t\t\t\t\t\t\t<\/div>\n\t\t\t\t<\/div>\n\t\t\t\t<div class=\"elementor-element elementor-element-75347b5 elementor-widget-tablet__width-inherit elementor-widget__width-inherit elementor-widget elementor-widget-text-editor\" data-id=\"75347b5\" data-element_type=\"widget\" data-widget_type=\"text-editor.default\">\n\t\t\t\t<div class=\"elementor-widget-container\">\n\t\t\t\t\t\t\t\t\t<b>Fideicomiso 5270 ALISIA<\/b>\t\t\t\t\t\t\t\t<\/div>\n\t\t\t\t<\/div>\n\t\t\t\t<div class=\"elementor-element elementor-element-c098266 elementor-widget-tablet__width-inherit elementor-widget__width-inherit elementor-widget elementor-widget-text-editor\" data-id=\"c098266\" data-element_type=\"widget\" data-widget_type=\"text-editor.default\">\n\t\t\t\t<div class=\"elementor-widget-container\">\n\t\t\t\t\t\t\t\t\tDomicilio: Av. Roble #600 Ofna. 11-01, Colonia Valle del Campestre, San Pedro Garza Garc\u00eda, Nuevo Le\u00f3n Monterrey.\t\t\t\t\t\t\t\t<\/div>\n\t\t\t\t<\/div>\n\t\t\t\t<div class=\"elementor-element elementor-element-85c2841 elementor-widget-tablet__width-inherit elementor-widget__width-inherit elementor-widget elementor-widget-text-editor\" data-id=\"85c2841\" data-element_type=\"widget\" data-widget_type=\"text-editor.default\">\n\t\t\t\t<div class=\"elementor-widget-container\">\n\t\t\t\t\t\t\t\t\t<p>Horario: de 10 am &#8211; 7 pm., de lunes a s\u00e1bado y domingos de 10 am -6 pm.\u202f O bien, por correo electr\u00f3nico a <a href=\"mailto:info@alisia.com.mx\">info@alisia.com.mx<\/a>.<\/p>\t\t\t\t\t\t\t\t<\/div>\n\t\t\t\t<\/div>\n\t\t\t\t<div class=\"elementor-element elementor-element-b60ff25 elementor-widget-tablet__width-inherit elementor-widget__width-inherit elementor-widget elementor-widget-text-editor\" data-id=\"b60ff25\" data-element_type=\"widget\" data-widget_type=\"text-editor.default\">\n\t\t\t\t<div class=\"elementor-widget-container\">\n\t\t\t\t\t\t\t\t\tLa solicitud ARCO deber\u00e1 contener y acompa\u00f1ar lo que se\u00f1ala la citada LDP, en su art\u00edculo 29.\t\t\t\t\t\t\t\t<\/div>\n\t\t\t\t<\/div>\n\t\t\t\t<div class=\"elementor-element elementor-element-f2a8103 elementor-widget__width-inherit elementor-widget-tablet__width-inherit elementor-widget elementor-widget-heading\" data-id=\"f2a8103\" data-element_type=\"widget\" data-widget_type=\"heading.default\">\n\t\t\t\t<div class=\"elementor-widget-container\">\n\t\t\t\t\t<h2 class=\"elementor-heading-title elementor-size-default\">Datos Personales Sensibles:<\/h2>\t\t\t\t<\/div>\n\t\t\t\t<\/div>\n\t\t\t\t<div class=\"elementor-element elementor-element-ef4892c elementor-widget-tablet__width-inherit elementor-widget__width-inherit elementor-widget elementor-widget-text-editor\" data-id=\"ef4892c\" data-element_type=\"widget\" data-widget_type=\"text-editor.default\">\n\t\t\t\t<div class=\"elementor-widget-container\">\n\t\t\t\t\t\t\t\t\t<ul><li>De acuerdo a la LDP, se consideran datos personales sensibles aquellos relativos al origen racial o \u00e9tnico, estado de salud presente y futuro, informaci\u00f3n gen\u00e9tica, creencias religiosas, filos\u00f3ficas y morales, afiliaci\u00f3n sindical, opiniones pol\u00edticas, preferencia sexual.<\/li><li>En estos casos, el titular deber\u00e1 expresar su consentimiento expreso, a trav\u00e9s de su firma aut\u00f3grafa, firma electr\u00f3nica, o cualquier mecanismo de verificaci\u00f3n que al efecto se establezca.<\/li><\/ul>\t\t\t\t\t\t\t\t<\/div>\n\t\t\t\t<\/div>\n\t\t\t\t<div class=\"elementor-element elementor-element-dfa4d21 elementor-widget-tablet__width-inherit elementor-widget__width-inherit elementor-widget elementor-widget-text-editor\" data-id=\"dfa4d21\" data-element_type=\"widget\" data-widget_type=\"text-editor.default\">\n\t\t\t\t<div class=\"elementor-widget-container\">\n\t\t\t\t\t\t\t\t\t<p><em><strong>\u00daltima actualizaci\u00f3n: 1 marzo de 2024<\/strong><\/em><\/p>\t\t\t\t\t\t\t\t<\/div>\n\t\t\t\t<\/div>\n\t\t\t\t\t<\/div>\n\t\t\t\t<\/div>\n\t\t\t\t<\/div>\n\t\t\t\t<\/div>\n\t\t","protected":false},"excerpt":{"rendered":"<p>Aviso de privacidad En atenci\u00f3n a la Ley Federal de Protecci\u00f3n de Datos Personales en Posesi\u00f3n deParticulares (en adelante, la\u201cLDP\u201d),la empresa: Fideicomiso 5270 ALISIA. (en adelante,\u201cALISIA\u201d),con domicilio en Av. Roble #600 Ofna. 11-01, ColoniaValle delCampestre, San Pedro Garza Garc\u00eda, Nuevo Le\u00f3n Monterrey., hacemos de su conocimiento lo siguiente:En la recolecci\u00f3n de datos personales seguimos todos [&#8230;]<\/p>\n<p><a class=\"btn btn-secondary understrap-read-more-link\" href=\"https:\/\/implementit.click\/pruebas\/alisia\/aviso-de-privacidad\/\">Read More&#8230;<span class=\"screen-reader-text\"> from P\u00e1gina de privacidad<\/span><\/a><\/p>\n","protected":false},"author":5,"featured_media":0,"parent":0,"menu_order":0,"comment_status":"closed","ping_status":"closed","template":"elementor_canvas","meta":{"footnotes":""},"class_list":["post-1875","page","type-page","status-publish","hentry"],"_links":{"self":[{"href":"https:\/\/implementit.click\/pruebas\/alisia\/wp-json\/wp\/v2\/pages\/1875","targetHints":{"allow":["GET"]}}],"collection":[{"href":"https:\/\/implementit.click\/pruebas\/alisia\/wp-json\/wp\/v2\/pages"}],"about":[{"href":"https:\/\/implementit.click\/pruebas\/alisia\/wp-json\/wp\/v2\/types\/page"}],"author":[{"embeddable":true,"href":"https:\/\/implementit.click\/pruebas\/alisia\/wp-json\/wp\/v2\/users\/5"}],"replies":[{"embeddable":true,"href":"https:\/\/implementit.click\/pruebas\/alisia\/wp-json\/wp\/v2\/comments?post=1875"}],"version-history":[{"count":82,"href":"https:\/\/implementit.click\/pruebas\/alisia\/wp-json\/wp\/v2\/pages\/1875\/revisions"}],"predecessor-version":[{"id":1963,"href":"https:\/\/implementit.click\/pruebas\/alisia\/wp-json\/wp\/v2\/pages\/1875\/revisions\/1963"}],"wp:attachment":[{"href":"https:\/\/implementit.click\/pruebas\/alisia\/wp-json\/wp\/v2\/media?parent=1875"}],"curies":[{"name":"wp","href":"https:\/\/api.w.org\/{rel}","templated":true}]}}